4 a factor of 122338958?
False
Does 3 divide 87295?
False
Is 24 a factor of 1572037494?
False
Is 751935366 a multiple of 2457?
True
Is 671 a factor of 23977632?
False
Is 210 a factor of 2917530?
True
Is 14111558 a multiple of 19?
False
Is 2504841216 a multiple of 12?
True
Is 541252023 a multiple of 771?
True
Is 1569907630 a multiple of 634?
True
Is 5 a factor of 167142599?
False
Is 281382649 a multiple of 4205?
False
Does 27 divide 4088088545?
False
Does 7 divide 939351?
True
Does 299 divide 87967353?
False
Is 609 a factor of 405304116?
True
Is 699 a factor of 21055068?
False
Is 7387174 a multiple of 959?
False
Is 8776383 a multiple of 7?
True
Does 31 divide 14715111?
True
Does 23 divide 28137993?
True
Is 3587217096 a multiple of 29?
False
Is 64463237 a multiple of 947?
True
Is 18313119 a multiple of 20?
False
Is 3560745 a multiple of 18?
False
Is 1133159 a multiple of 44?
False
Does 7179 divide 354051060?
False
Does 26 divide 8698440?
False
Does 20 divide 723880?
True
Does 73 divide 838973676?
False
Does 1781 divide 25368564?
True
Does 15 divide 973324800?
True
Is 61743106 a multiple of 2?
True
Is 2 a factor of 20645347?
False
Does 6 divide 22987722?
True
Is 102409142 a multiple of 22?
True
Is 405 a factor of 795723717?
False
Is 35 a factor of 1368770?
False
Is 55 a factor of 1231910335?
False
Is 198 a factor of 76780356?
False
Is 133941224 a multiple of 99?
False
Is 7337440 a multiple of 29?
False
Does 255 divide 939210703?
False
Does 13020 divide 2897093220?
True
Does 8 divide 132500872?
True
Is 94128490 a multiple of 122?
True
Is 126 a factor of 230422446?
False
Is 128255114 a multiple of 3?
False
Does 4 divide 16999724?
True
Is 522 a factor of 1712936776?
False
Is 419042995 a multiple of 2005?
True
Is 7 a factor of 86070499?
False
Does 307 divide 30994720?
True
Is 1451 a factor of 240011361?
True
Is 69268560 a multiple of 1588?
True
Is 10 a factor of 6305340?
True
Does 424 divide 1379958456?
True
Is 23692562 a multiple of 103?
False
Does 10 divide 1963215870?
True
Is 9088 a factor of 1867947520?
True
Is 213 a factor of 16241415?
False
Does 29 divide 14880215?
False
Is 6705 a factor of 5393046060?
True
Is 245 a factor of 198467640?
True
Is 591227940 a multiple of 2561?
False
Does 411 divide 347180057?
False
Is 32454492 a multiple of 79?
False
Is 123 a factor of 32692025?
False
Is 16 a factor of 8218112?
True
Is 15272760 a multiple of 151?
False
Does 528 divide 71194963?
False
Is 4482090 a multiple of 9?
True
Is 738 a factor of 268901370?
True
Does 1082 divide 4386932212?
True
Is 182 a factor of 15239770?
True
Does 148 divide 6998961?
False
Does 5433 divide 876835851?
False
Does 64 divide 296645976?
False
Does 63 divide 57755754?
True
Is 1394 a factor of 64314263?
False
Is 105 a factor of 168542955?
True
Does 5097 divide 371341935?
True
Is 337831845 a multiple of 2535?
True
Is 67 a factor of 520135204?
True
Is 8385930 a multiple of 1015?
True
Is 64460332 a multiple of 118?
True
Does 10 divide 1274660498?
False
Does 631 divide 12825075?
True
Does 114 divide 1125734704?
False
Does 12 divide 490435826?
False
Does 340 divide 75653563?
False
Does 334 divide 118251624?
False
Is 7868962 a multiple of 46?
False
Is 284143335 a multiple of 21?
True
Is 291849756 even?
True
Does 810 divide 92817900?
True
Does 2241 divide 1361778876?
False
Is 69417661 a multiple of 1406?
False
Does 1549 divide 9108120?
True
Does 55 divide 27096190?
True
Is 394 a factor of 234676947?
False
Is 747 a factor of 289974942?
True
Is 94 a factor of 309128682?
True
Does 2619 divide 608237892?
False
Does 1674 divide 203058019?
False
Is 32 a factor of 527446176?
True
Does 484 divide 461433500?
True
Is 12159444 a multiple of 1101?
True
Is 685 a factor of 6941692?
False
Is 57494773 a multiple of 2312?
False
Does 323 divide 25166545?
True
Is 350 a factor of 7399000?
True
Is 451 a factor of 231893376?
True
Is 69 a factor of 59823828?
True
Does 212 divide 332098040?
False
Is 82 a factor of 650760007?
False
Is 16 a factor of 71382656?
True
Is 23 a factor of 2896381743?
True
Is 144 a factor of 719691120?
True
Is 1395779 even?
False
Does 2036 divide 351099966?
False
Is 241672778 a multiple of 112?
False
Is 38505984 a multiple of 946?
True
Is 109852030 a multiple of 7?
False
Does 7800 divide 793486200?
True
Is 10 a factor of 658091280?
True
Is 58 a factor of 17915562?
True
Does 7246 divide 1322902220?
True
Does 488 divide 542354904?
True
Does 5 divide 11873833?
False
Does 969 divide 295594419?
True
Does 35 divide 382820962?
False
Does 177 divide 21259635?
False
Is 805158013 a multiple of 22?
False
Is 268 a factor of 33290115?
False
Is 88 a factor of 2272869456?
True
Is 906 a factor of 452976444?
True
Is 783 a factor of 79822935?
True
Does 16 divide 170205995?
False
Is 754 a factor of 224031175?
False
Is 76988877 a multiple of 3?
True
Does 12 divide 49876755?
False
Does 1672 divide 1706845316?
False
Is 29136432 a multiple of 106?
True
Is 29 a factor of 331068964?
False
Is 5 a factor of 154294740?
True
Does 2217 divide 48379374?
True
Is 398520384 a multiple of 32?
True
Is 75995 a multiple of 142?
False
Is 937 a factor of 12137815?
False
Does 2128 divide 52012266?
False
Is 171906516 a multiple of 108?
True
Is 53 a factor of 808416625?
False
Does 43 divide 5728913779?
True
Is 522616111 a multiple of 6?
False
Does 5 divide 351486?
False
Does 77 divide 426497796?
False
Is 975 a factor of 674413350?
True
Does 2 divide 35872617?
False
Is 102 a factor of 611264497?
False
Is 883160345 a multiple of 145?
True
Is 125995623 a multiple of 843?
True
Is 54743051 a multiple of 13?
False
Is 247429928 a multiple of 592?
False
Does 58 divide 10522824?
True
Is 905100576 a multiple of 48?
True
Is 12707160 a multiple of 12?
True
Is 378 a factor of 35491554?
True
Is 1897 a factor of 920167857?
False
Is 2208992 a multiple of 32?
True
Is 2109 a factor of 61054000?
False
Does 1963 divide 226040869?
False
Is 2313 a factor of 830436681?
False
Is 1854644610 a multiple of 65?
True
Does 5794 divide 1118137708?
True
Is 22 a factor of 4346310?
False
Is 9711760 a multiple of 2381?
False
Does 5117 divide 1100687168?
True
Does 1014 divide 3532611732?
True
Is 3507905814 a multiple of 1714?
False
Is 106 a factor of 117732563?
False
Is 204143200 a multiple of 1160?
False
Does 20 divide 251257892?
False
Is 364 a factor of 35677096?
True
Does 22 divide 248091793?
False
Is 8 a factor of 9718455?
False
Is 203 a factor of 677701431?
False
Is 42962814 a multiple of 358?
False
Is 625194154 a multiple of 13?
True
Is 53 a factor of 61518478?
True
Is 12 a factor of 13479300?
True
Does 7642 divide 933345635?
False
Is 93 a factor of 58717785?
False
Is 16 a factor of 2319103744?
True
Is 241017 a multiple of 69?
True
Is 322152410 a multiple of 89?
True
Does 8 divide 30114433?
False
Is 29757280 a multiple of 2530?
False
Is 65 a factor of 62109426?
False
Is 565931642 a multiple of 29?
False
Does 6547 divide 15280698?
True
Is 291 a factor of 12825007?
False
Does 150 divide 475688250?
True
Is 1289 a factor of 16979997?
True
Does 139 divide 150229715?
False
Is 134116740 a multiple of 1126?
False
Is 2259 a factor of 970990488?
True
Does 15 divide 323061148?
False
Is 22064728 a multiple of 13?
False
Does 38 divide 3326026?
True
Is 277916191 a multiple of 739?
False
Is 3222 a factor of 47189412?
True
Is 103 a factor of 2763547886?
True
Does 7436 divide 24339439?
False
Is 29121589 a multiple of 120?
False
Is 41242570 a multiple of 209?
False
Is 11 a factor of 7933545?
False
Does 1192 divide 986913295?
False
Is 464 a factor of 25366416?
True
Does 960 divide 1998720434?
False
Is 42748200 a multiple of 220?
True
Does 985 divide 36174317?
False
Is 396860823 a multiple of 6427?
True
Does 115 divide 224041260?
False
Is 361 a factor of 3874278340?
False
Is 10 a factor of 35812830?
True
Is 2364 a factor of 26410408?
False
Is 15534975 a multiple of 1545?
True
Is 153 a factor of 130909253?
False
Is 3946588661 a multiple of 11?
False
Does 258 divide 1243965?
False
Is 2101799564 a multiple of 23?
False
Does 78 divide 401679408?
True
Does 250 divide 2536631618?
False
Does 277 divide 59582146?
True
Is 2470237120 a multiple of 416?
True
Is 148716924 a multiple of 150?
False
Does 7 divide 80214498?
True
Is 151 a factor of 43359197?
True
Is 3366 a factor of 33087